
1
Suppose 0 = -5*w - o - 2, -4*o - 8 = -w - 4*w. Suppose q - 4*q + 27 = w. Let y be 3/4*64/8. What is the highest common factor of q and y?
3
Let t(q) be the first derivative of q**3/3 - 21*q**2/2 + 40*q + 32. Let c be t(20). What is the highest common factor of c and 20?
20
Let y be 5/30*-190*-3. What is the greatest common divisor of y and 5?
5
Let g be ((-6)/(-9))/(8/156). Suppose -112 = -5*a + g. What is the highest common factor of a and 100?
25
Let a be (-29)/(-5)*((-51)/(-3) - 12). Let m be 1 + -1*(-2 + -287). Calculate the highest common divisor of m and a.
29
Let p be (5 + (-15 - -6))*65/(-20). Calculate the highest common factor of p and 1313.
13
Let m(o) = 7*o**2 - 6*o + 2. Let n be m(4). Suppose -3 = 3*c, -5*c = 3*i - 106 + 57. Calculate the highest common factor of n and i.
18
Let d be (-24)/9*(-6)/4. Let x = 0 + d. Suppose s + x*s - 225 = 0. What is the highest common factor of 5 and s?
5
Suppose 3 - 2 = m. Let f(n) = 103*n + 9. Let x be f(m). Calculate the greatest common divisor of x and 14.
14
Let g(u) = 67*u**2 + 71*u + 453. Let v be g(-7). What is the greatest common divisor of 41 and v?
41
Let y = 41 + -25. Let z = 15 - y. Let i be ((1 - 22) + -2)*z. What is the highest common divisor of i and 69?
23
Suppose 319 = -m + 2*m. Let t = -5009 - -5038. Calculate the highest common factor of t and m.
29
Let b(h) = -10*h + 26. Let l be b(-11). Suppose 13*v - 11*v - 16 = 0. What is the greatest common divisor of l and v?
8
Suppose -44*m + 40*m = -184. Calculate the highest common factor of 207 and m.
23
Suppose -4*y - 191 = -9*y - w, 3*y - 3*w - 111 = 0. Let h = y + 25. What is the greatest common factor of h and 42?
21
Suppose -7*p + 32 = -17. Let r be (-4)/10 + p/5. What is the greatest common factor of 9 and r?
1
Let l be 2 + (-6 + 3 - -25). Suppose -43*i + 17697 = 6345. Calculate the greatest common divisor of l and i.
24
Let d be 35*2 - 8/(16/4). Let h(i) = -3*i + 2. Let c be h(-5). Calculate the highest common divisor of c and d.
17
Let d be (114/8)/3 + 126/(-168). What is the greatest common divisor of d and 13?
1
Suppose 0*r - 4*r - 2*b = 80, 2*r - b + 40 = 0. Let q be ((-96)/r)/3 + 4/10. Calculate the greatest common divisor of 14 and q.
2
Let m(v) = -v**2 - 4*v + 12. Let w be m(-5). Let c(f) = -f**3 + 9*f**2 - 10*f + 10. Let s be c(w). What is the highest common divisor of s and 95?
19
Suppose -142*i + 4784 = -134*i. What is the highest common factor of i and 46?
46
Suppose 39*y - 44*y = 60. Let z be y*2*4/(-36)*3. Calculate the highest common divisor of z and 72.
8
Let h be 78/((-2)/(-1) + (-8)/3). Let p = h + 173. Calculate the greatest common factor of 7 and p.
7
Let l = -12 + 14. Suppose 2*c - i = i + 16, -l*c - 4*i - 8 = 0. Suppose 3*u + 2*j = 70, -c*j = -9*j + 25. What is the greatest common factor of u and 10?
10
Suppose 31*l + 4816 = 38*l. Calculate the greatest common divisor of 43 and l.
43
Let y be 6 - 182/(-3 + -4). What is the greatest common factor of y and 120?
8
Suppose -w = -2*m + 11, 0*m - 13 = 4*m + 5*w. Let v be (3/3 - 0) + -1. Suppose -m*h + h + 8 = v. What is the greatest common factor of h and 2?
2
Suppose 712 = 3*h + 229. Let m be (-6 - -6) + (16 - -7). Calculate the highest common divisor of m and h.
23
Let q be -8 + 257 + 11 + -7. What is the highest common divisor of 115 and q?
23
Let q(y) be the second derivative of -y**3/6 + 15*y**2/2 + 44*y. Let d be q(-20). Calculate the highest common factor of 315 and d.
35
Suppose -d - 3 = 0, -5*y + 5*d + 482 = -148. What is the greatest common factor of y and 861?
123
Let x(q) = 2*q**2 - 10*q + 24. Let b be x(8). Let z(f) = -f**3 + 10*f**2 - 9*f + 9. Let w be z(9). What is the highest common divisor of b and w?
9
Suppose 0 = 36*t - 40*t + 64. What is the greatest common factor of t and 24?
8
Let a = 115 - 90. Calculate the highest common divisor of a and 325.
25
Suppose -108 = 2*t + 2*k, 4*t - 3*k + 140 = -83. Let a = t + -186. Let w = -150 - a. Calculate the greatest common factor of w and 13.
13
Suppose -31*x + 28*x = -2*j - 30, -4*x = -3*j - 40. What is the greatest common divisor of 720 and x?
10
Let d be 12/(-18) - (-172)/6. Let y be 20*(1 - -3 - 2). Let s = y - 36. What is the greatest common divisor of s and d?
4
Suppose -7 - 38 = -3*j. Let x(g) = 2*g**2 + 17*g + 26. Let u be x(-12). Suppose -3*y + 25 + u = 0. Calculate the highest common divisor of j and y.
15
Let x = -445 + 464. Let j = -5 - -24. Calculate the highest common factor of j and x.
19
Suppose 0 = -3*r + r - 2. Let s be 27/r - -3 - 3. Let l = 135 + s. Calculate the greatest common divisor of 12 and l.
12
Let y be 1/(-2) + (-1188)/(-88). Calculate the highest common divisor of 949 and y.
13
Let p be 56*(8 - 26/7). Calculate the greatest common factor of 90 and p.
30
Suppose 4*u - 348 = n, 4*u + 5*n - 398 = -74. What is the greatest common divisor of u and 1634?
86
Let l be 78/156 + 46/4. Let y(j) = 7*j**2 - 4*j - 3. Let o be y(-5). What is the greatest common divisor of l and o?
12
Suppose -2*w - 3 = -7. Suppose -5*h + w*j + 114 = 0, 3*h + 2*j = -0*h + 62. What is the greatest common divisor of h and 198?
22
Let k be (-1794)/(-104) + 3*1/4. Suppose 5*i = -2*r + 4, -3*i + 4*r + k = -0*i. Calculate the highest common divisor of i and 8.
2
Suppose -8 - 8 = -w. Suppose 7*u = 3*u + w. What is the greatest common divisor of u and 44?
4
Suppose 58*t + 267 = 61*t. Suppose -i + f = 2*f - t, 2*f - 92 = -i. Calculate the greatest common divisor of 43 and i.
43
Suppose -g + 24 - 21 = 0. Let r = 5 - -5. Let t = r + -1. Calculate the highest common divisor of t and g.
3
Suppose -58*m + 215 = -57*m. Calculate the highest common divisor of m and 86.
43
Suppose 6*q + 8 = -40. Let s(a) = -2*a - 10. Let m be s(q). Calculate the greatest common factor of 30 and m.
6
Let h be 7/(-1)*828/(-42). What is the greatest common factor of 6 and h?
6
Suppose -p = -2*a - 136, a = -5*p + 4*p + 121. Calculate the highest common factor of 18 and p.
18
Let f be 6/(-8)*(-115 - 41). What is the greatest common divisor of 156 and f?
39
Let t(o) = o**3 + 6*o**2 + 6*o + 6. Let z be t(-5). Suppose 2*v - 11 - z = 0. Let w be (4/v*15)/1. Calculate the greatest common factor of w and 15.
5
Suppose 4*h - 160 = 4*l + 4, -3*h + 118 = 2*l. Suppose h = -5*p + 10*p. Let w be p/(-28) + 111/21. Calculate the highest common divisor of 20 and w.
5
Suppose -7 = 2*x - 31. Let o = 17 - x. Suppose 26 = m - 2*n, 4*m - o*m = -3*n - 31. Calculate the highest common factor of m and 2.
2
Let s be (-11 + -2)/65 - (-112)/10. What is the highest common factor of s and 847?
11
Let i be (14/28)/(2/(-248)). Let j = i - -96. Calculate the greatest common factor of 17 and j.
17
Let f(j) = j**2 - 5*j + 4. Let v be f(6). Suppose 0 = 5*q - v, -2*t + 3*q = -3*t + 46. What is the greatest common factor of 8 and t?
8
Suppose -5*m - 3*r = -19, -5*r - 7 + 26 = 2*m. Let o be (-8)/(-6)*(52/8 - m). What is the highest common factor of 9 and o?
3
Suppose -3*o - 14 + 35 = 0. Suppose 4*u + 3*d - 96 = o*d, -4*u + 2*d = -88. What is the highest common factor of 50 and u?
10
Suppose 270 + 2178 = 34*s. What is the highest common divisor of 18 and s?
18
Let x(c) = -c. Let k be x(-2). Suppose -3 - 9 = k*g. Let m be (-4)/16*g*2. What is the greatest common factor of m and 21?
3
Let q = 59 + -54. Suppose 49 + 19 = 4*v - q*h, -3*v + 24 = 3*h. What is the highest common factor of 84 and v?
12
Let n be (2002/(-14))/(-13)*94. Calculate the highest common factor of 22 and n.
22
Suppose 5*x = -3*u - 28 + 77, 3*u + x - 53 = 0. Let z(q) = -2*q**3 + 17*q**2 - 4*q - 20. Let r be z(8). What is the highest common factor of r and u?
6
Let g(l) = l**3 - 6*l**2 - 30*l + 32. Let z be g(9). Calculate the highest common factor of 3 and z.
1
Let k(q) = -84*q + 8. Let w be k(-1). What is the highest common divisor of w and 23?
23
Let x be ((-2)/(-6))/((-4)/12) + 3. Suppose -x*r + 5*f = -55, 5*r - 120 = 2*r - 5*f. Calculate the greatest common divisor of 5 and r.
5
Let l(k) = -8*k + 7. Let r be l(0). Suppose 6*y - 2 = 40. Calculate the highest common factor of y and r.
7
Let r = 786 - 561. Calculate the highest common factor of r and 9.
9
Let w(s) = -s**2 + 9*s - 3. Let p be w(6). Let v be (-95)/(-3) - 10/p. Suppose -67*q - 1548 = -5702. Calculate the greatest common factor of q and v.
31
Sup